{"id":174,"date":"2025-10-04T17:55:37","date_gmt":"2025-10-04T17:55:37","guid":{"rendered":"https:\/\/grup5.uabcilab.cat\/?post_type=product&#038;p=174"},"modified":"2025-10-05T20:47:38","modified_gmt":"2025-10-05T20:47:38","slug":"sudadera-negra","status":"publish","type":"product","link":"https:\/\/grup5.uabcilab.cat\/?product=sudadera-negra","title":{"rendered":"Sudadera Negra"},"content":{"rendered":"<p data-start=\"148\" data-end=\"449\">La <strong data-start=\"151\" data-end=\"177\">sudadera negra b\u00e1sica<\/strong> es un imprescindible en cualquier armario. Confeccionada en algod\u00f3n suave de alta calidad, ofrece una sensaci\u00f3n c\u00f3moda y transpirable ideal para el uso diario. Su dise\u00f1o minimalista y atemporal permite combinarla f\u00e1cilmente con cualquier estilo, ya sea casual o urbano.<\/p>\n<ul data-start=\"451\" data-end=\"730\">\n<li data-start=\"451\" data-end=\"478\">\n<p data-start=\"453\" data-end=\"478\"><strong data-start=\"453\" data-end=\"463\">Color:<\/strong> Negro puro.<\/p>\n<\/li>\n<li data-start=\"479\" data-end=\"514\">\n<p data-start=\"481\" data-end=\"514\"><strong data-start=\"481\" data-end=\"491\">Corte:<\/strong> Regular fit, unisex.<\/p>\n<\/li>\n<li data-start=\"515\" data-end=\"587\">\n<p data-start=\"517\" data-end=\"587\"><strong data-start=\"517\" data-end=\"530\">Material:<\/strong> Algod\u00f3n 80% y poli\u00e9ster 20% (interior afelpado suave).<\/p>\n<\/li>\n<li data-start=\"588\" data-end=\"692\">\n<p data-start=\"590\" data-end=\"692\"><strong data-start=\"590\" data-end=\"603\">Detalles:<\/strong> Capucha ajustable con cordones, bolsillo canguro delantero, pu\u00f1os y cintura de canal\u00e9.<\/p>\n<\/li>\n<li data-start=\"693\" data-end=\"730\">\n<p data-start=\"695\" data-end=\"730\"><strong data-start=\"695\" data-end=\"718\">Tallas disponibles:<\/strong> XS \u2013 XXL.<\/p>\n<\/li>\n<\/ul>\n","protected":false},"excerpt":{"rendered":"<p>La sudadera negra b\u00e1sica es un imprescindible en cualquier armario. Confeccionada en algod\u00f3n suave de alta calidad, ofrece una sensaci\u00f3n c\u00f3moda y transpirable ideal para el uso diario. Su dise\u00f1o minimalista y atemporal permite combinarla f\u00e1cilmente con cualquier estilo, ya sea casual o urbano. Color: Negro puro. Corte: Regular fit, unisex. Material: Algod\u00f3n 80% y [&hellip;]<\/p>\n","protected":false},"featured_media":208,"comment_status":"open","ping_status":"closed","template":"","meta":[],"product_brand":[],"product_cat":[16],"product_tag":[],"class_list":{"0":"post-174","1":"product","2":"type-product","3":"status-publish","4":"has-post-thumbnail","6":"product_cat-sudaderas","8":"first","9":"outofstock","10":"shipping-taxable","11":"purchasable","12":"product-type-simple"},"yoast_head":"<!-- This site is optimized with the Yoast SEO plugin v25.9 - https:\/\/yoast.com\/wordpress\/plugins\/seo\/ -->\n<title>Sudadera Negra - Senzia<\/title>\n<meta name=\"robots\" content=\"index, follow, max-snippet:-1, max-image-preview:large, max-video-preview:-1\" \/>\n<link rel=\"canonical\" href=\"https:\/\/grup5.uabcilab.cat\/?product=sudadera-negra\" \/>\n<meta property=\"og:locale\" content=\"es_ES\" \/>\n<meta property=\"og:type\" content=\"article\" \/>\n<meta property=\"og:title\" content=\"Sudadera Negra - Senzia\" \/>\n<meta property=\"og:description\" content=\"La sudadera negra b\u00e1sica es un imprescindible en cualquier armario. Confeccionada en algod\u00f3n suave de alta calidad, ofrece una sensaci\u00f3n c\u00f3moda y transpirable ideal para el uso diario. Su dise\u00f1o minimalista y atemporal permite combinarla f\u00e1cilmente con cualquier estilo, ya sea casual o urbano. Color: Negro puro. Corte: Regular fit, unisex. Material: Algod\u00f3n 80% y [&hellip;]\" \/>\n<meta property=\"og:url\" content=\"https:\/\/grup5.uabcilab.cat\/?product=sudadera-negra\" \/>\n<meta property=\"og:site_name\" content=\"Senzia\" \/>\n<meta property=\"article:modified_time\" content=\"2025-10-05T20:47:38+00:00\" \/>\n<meta property=\"og:image\" content=\"https:\/\/grup5.uabcilab.cat\/wp-content\/uploads\/2025\/10\/Sudadera-negra-sobre-fondo-gris-2.png\" \/>\n\t<meta property=\"og:image:width\" content=\"1024\" \/>\n\t<meta property=\"og:image:height\" content=\"1024\" \/>\n\t<meta property=\"og:image:type\" content=\"image\/png\" \/>\n<meta name=\"twitter:card\" content=\"summary_large_image\" \/>\n<meta name=\"twitter:label1\" content=\"Tiempo de lectura\" \/>\n\t<meta name=\"twitter:data1\" content=\"1 minuto\" \/>\n<script type=\"application\/ld+json\" class=\"yoast-schema-graph\">{\"@context\":\"https:\/\/schema.org\",\"@graph\":[{\"@type\":\"WebPage\",\"@id\":\"https:\/\/grup5.uabcilab.cat\/?product=sudadera-negra\",\"url\":\"https:\/\/grup5.uabcilab.cat\/?product=sudadera-negra\",\"name\":\"Sudadera Negra - Senzia\",\"isPartOf\":{\"@id\":\"https:\/\/grup5.uabcilab.cat\/#website\"},\"primaryImageOfPage\":{\"@id\":\"https:\/\/grup5.uabcilab.cat\/?product=sudadera-negra#primaryimage\"},\"image\":{\"@id\":\"https:\/\/grup5.uabcilab.cat\/?product=sudadera-negra#primaryimage\"},\"thumbnailUrl\":\"https:\/\/grup5.uabcilab.cat\/wp-content\/uploads\/2025\/10\/Sudadera-negra-sobre-fondo-gris-2.png\",\"datePublished\":\"2025-10-04T17:55:37+00:00\",\"dateModified\":\"2025-10-05T20:47:38+00:00\",\"breadcrumb\":{\"@id\":\"https:\/\/grup5.uabcilab.cat\/?product=sudadera-negra#breadcrumb\"},\"inLanguage\":\"es\",\"potentialAction\":[{\"@type\":\"ReadAction\",\"target\":[\"https:\/\/grup5.uabcilab.cat\/?product=sudadera-negra\"]}]},{\"@type\":\"ImageObject\",\"inLanguage\":\"es\",\"@id\":\"https:\/\/grup5.uabcilab.cat\/?product=sudadera-negra#primaryimage\",\"url\":\"https:\/\/grup5.uabcilab.cat\/wp-content\/uploads\/2025\/10\/Sudadera-negra-sobre-fondo-gris-2.png\",\"contentUrl\":\"https:\/\/grup5.uabcilab.cat\/wp-content\/uploads\/2025\/10\/Sudadera-negra-sobre-fondo-gris-2.png\",\"width\":1024,\"height\":1024},{\"@type\":\"BreadcrumbList\",\"@id\":\"https:\/\/grup5.uabcilab.cat\/?product=sudadera-negra#breadcrumb\",\"itemListElement\":[{\"@type\":\"ListItem\",\"position\":1,\"name\":\"Portada\",\"item\":\"https:\/\/grup5.uabcilab.cat\/\"},{\"@type\":\"ListItem\",\"position\":2,\"name\":\"Tienda\",\"item\":\"https:\/\/grup5.uabcilab.cat\/?page_id=8\"},{\"@type\":\"ListItem\",\"position\":3,\"name\":\"Sudadera Negra\"}]},{\"@type\":\"WebSite\",\"@id\":\"https:\/\/grup5.uabcilab.cat\/#website\",\"url\":\"https:\/\/grup5.uabcilab.cat\/\",\"name\":\"Senzia\",\"description\":\"\",\"publisher\":{\"@id\":\"https:\/\/grup5.uabcilab.cat\/#organization\"},\"potentialAction\":[{\"@type\":\"SearchAction\",\"target\":{\"@type\":\"EntryPoint\",\"urlTemplate\":\"https:\/\/grup5.uabcilab.cat\/?s={search_term_string}\"},\"query-input\":{\"@type\":\"PropertyValueSpecification\",\"valueRequired\":true,\"valueName\":\"search_term_string\"}}],\"inLanguage\":\"es\"},{\"@type\":\"Organization\",\"@id\":\"https:\/\/grup5.uabcilab.cat\/#organization\",\"name\":\"Senzia\",\"url\":\"https:\/\/grup5.uabcilab.cat\/\",\"logo\":{\"@type\":\"ImageObject\",\"inLanguage\":\"es\",\"@id\":\"https:\/\/grup5.uabcilab.cat\/#\/schema\/logo\/image\/\",\"url\":\"https:\/\/grup5.uabcilab.cat\/wp-content\/uploads\/2025\/10\/ChatGPT-Image-5-oct-2025-20_18_36-1.png\",\"contentUrl\":\"https:\/\/grup5.uabcilab.cat\/wp-content\/uploads\/2025\/10\/ChatGPT-Image-5-oct-2025-20_18_36-1.png\",\"width\":1024,\"height\":1024,\"caption\":\"Senzia\"},\"image\":{\"@id\":\"https:\/\/grup5.uabcilab.cat\/#\/schema\/logo\/image\/\"}}]}<\/script>\n<!-- \/ Yoast SEO plugin. -->","yoast_head_json":{"title":"Sudadera Negra - Senzia","robots":{"index":"index","follow":"follow","max-snippet":"max-snippet:-1","max-image-preview":"max-image-preview:large","max-video-preview":"max-video-preview:-1"},"canonical":"https:\/\/grup5.uabcilab.cat\/?product=sudadera-negra","og_locale":"es_ES","og_type":"article","og_title":"Sudadera Negra - Senzia","og_description":"La sudadera negra b\u00e1sica es un imprescindible en cualquier armario. Confeccionada en algod\u00f3n suave de alta calidad, ofrece una sensaci\u00f3n c\u00f3moda y transpirable ideal para el uso diario. Su dise\u00f1o minimalista y atemporal permite combinarla f\u00e1cilmente con cualquier estilo, ya sea casual o urbano. Color: Negro puro. Corte: Regular fit, unisex. Material: Algod\u00f3n 80% y [&hellip;]","og_url":"https:\/\/grup5.uabcilab.cat\/?product=sudadera-negra","og_site_name":"Senzia","article_modified_time":"2025-10-05T20:47:38+00:00","og_image":[{"width":1024,"height":1024,"url":"https:\/\/grup5.uabcilab.cat\/wp-content\/uploads\/2025\/10\/Sudadera-negra-sobre-fondo-gris-2.png","type":"image\/png"}],"twitter_card":"summary_large_image","twitter_misc":{"Tiempo de lectura":"1 minuto"},"schema":{"@context":"https:\/\/schema.org","@graph":[{"@type":"WebPage","@id":"https:\/\/grup5.uabcilab.cat\/?product=sudadera-negra","url":"https:\/\/grup5.uabcilab.cat\/?product=sudadera-negra","name":"Sudadera Negra - Senzia","isPartOf":{"@id":"https:\/\/grup5.uabcilab.cat\/#website"},"primaryImageOfPage":{"@id":"https:\/\/grup5.uabcilab.cat\/?product=sudadera-negra#primaryimage"},"image":{"@id":"https:\/\/grup5.uabcilab.cat\/?product=sudadera-negra#primaryimage"},"thumbnailUrl":"https:\/\/grup5.uabcilab.cat\/wp-content\/uploads\/2025\/10\/Sudadera-negra-sobre-fondo-gris-2.png","datePublished":"2025-10-04T17:55:37+00:00","dateModified":"2025-10-05T20:47:38+00:00","breadcrumb":{"@id":"https:\/\/grup5.uabcilab.cat\/?product=sudadera-negra#breadcrumb"},"inLanguage":"es","potentialAction":[{"@type":"ReadAction","target":["https:\/\/grup5.uabcilab.cat\/?product=sudadera-negra"]}]},{"@type":"ImageObject","inLanguage":"es","@id":"https:\/\/grup5.uabcilab.cat\/?product=sudadera-negra#primaryimage","url":"https:\/\/grup5.uabcilab.cat\/wp-content\/uploads\/2025\/10\/Sudadera-negra-sobre-fondo-gris-2.png","contentUrl":"https:\/\/grup5.uabcilab.cat\/wp-content\/uploads\/2025\/10\/Sudadera-negra-sobre-fondo-gris-2.png","width":1024,"height":1024},{"@type":"BreadcrumbList","@id":"https:\/\/grup5.uabcilab.cat\/?product=sudadera-negra#breadcrumb","itemListElement":[{"@type":"ListItem","position":1,"name":"Portada","item":"https:\/\/grup5.uabcilab.cat\/"},{"@type":"ListItem","position":2,"name":"Tienda","item":"https:\/\/grup5.uabcilab.cat\/?page_id=8"},{"@type":"ListItem","position":3,"name":"Sudadera Negra"}]},{"@type":"WebSite","@id":"https:\/\/grup5.uabcilab.cat\/#website","url":"https:\/\/grup5.uabcilab.cat\/","name":"Senzia","description":"","publisher":{"@id":"https:\/\/grup5.uabcilab.cat\/#organization"},"potentialAction":[{"@type":"SearchAction","target":{"@type":"EntryPoint","urlTemplate":"https:\/\/grup5.uabcilab.cat\/?s={search_term_string}"},"query-input":{"@type":"PropertyValueSpecification","valueRequired":true,"valueName":"search_term_string"}}],"inLanguage":"es"},{"@type":"Organization","@id":"https:\/\/grup5.uabcilab.cat\/#organization","name":"Senzia","url":"https:\/\/grup5.uabcilab.cat\/","logo":{"@type":"ImageObject","inLanguage":"es","@id":"https:\/\/grup5.uabcilab.cat\/#\/schema\/logo\/image\/","url":"https:\/\/grup5.uabcilab.cat\/wp-content\/uploads\/2025\/10\/ChatGPT-Image-5-oct-2025-20_18_36-1.png","contentUrl":"https:\/\/grup5.uabcilab.cat\/wp-content\/uploads\/2025\/10\/ChatGPT-Image-5-oct-2025-20_18_36-1.png","width":1024,"height":1024,"caption":"Senzia"},"image":{"@id":"https:\/\/grup5.uabcilab.cat\/#\/schema\/logo\/image\/"}}]}},"_links":{"self":[{"href":"https:\/\/grup5.uabcilab.cat\/index.php?rest_route=\/wp\/v2\/product\/174","targetHints":{"allow":["GET"]}}],"collection":[{"href":"https:\/\/grup5.uabcilab.cat\/index.php?rest_route=\/wp\/v2\/product"}],"about":[{"href":"https:\/\/grup5.uabcilab.cat\/index.php?rest_route=\/wp\/v2\/types\/product"}],"replies":[{"embeddable":true,"href":"https:\/\/grup5.uabcilab.cat\/index.php?rest_route=%2Fwp%2Fv2%2Fcomments&post=174"}],"wp:featuredmedia":[{"embeddable":true,"href":"https:\/\/grup5.uabcilab.cat\/index.php?rest_route=\/wp\/v2\/media\/208"}],"wp:attachment":[{"href":"https:\/\/grup5.uabcilab.cat\/index.php?rest_route=%2Fwp%2Fv2%2Fmedia&parent=174"}],"wp:term":[{"taxonomy":"product_brand","embeddable":true,"href":"https:\/\/grup5.uabcilab.cat\/index.php?rest_route=%2Fwp%2Fv2%2Fproduct_brand&post=174"},{"taxonomy":"product_cat","embeddable":true,"href":"https:\/\/grup5.uabcilab.cat\/index.php?rest_route=%2Fwp%2Fv2%2Fproduct_cat&post=174"},{"taxonomy":"product_tag","embeddable":true,"href":"https:\/\/grup5.uabcilab.cat\/index.php?rest_route=%2Fwp%2Fv2%2Fproduct_tag&post=174"}],"curies":[{"name":"wp","href":"https:\/\/api.w.org\/{rel}","templated":true}]}}